{"id":583,"date":"2019-01-22T21:37:14","date_gmt":"2019-01-22T20:37:14","guid":{"rendered":"https:\/\/www.revoila.fr\/NEW\/?page_id=583"},"modified":"2021-03-10T14:17:24","modified_gmt":"2021-03-10T13:17:24","slug":"mentions-legales","status":"publish","type":"page","link":"https:\/\/www.revoila.fr\/index.php\/mentions-legales\/","title":{"rendered":"Mentions l\u00e9gales"},"content":{"rendered":"<div id=\"pl-583\"  class=\"panel-layout\" ><div id=\"pg-583-0\"  class=\"panel-grid panel-no-style\" ><div id=\"pgc-583-0-0\"  class=\"panel-grid-cell\" ><div id=\"panel-583-0-0-0\" class=\"so-panel widget widget_sow-headline panel-first-child\" data-index=\"0\" ><div\n\t\t\t\n\t\t\tclass=\"so-widget-sow-headline so-widget-sow-headline-default-ea0af4cf39ae-583\"\n\t\t\t\n\t\t><div class=\"sow-headline-container \">\n\t\t\t\t\t\t\t<h1 class=\"sow-headline\">\n\t\t\t\t\t\tMentions L\u00e9gales\t\t\t\t\t\t<\/h1>\n\t\t\t\t\t\t\t\t\t\t\t<div class=\"decoration\">\n\t\t\t\t\t\t<div class=\"decoration-inside\"><\/div>\n\t\t\t\t\t<\/div>\n\t\t\t\t\t<\/div>\n<\/div><\/div><div id=\"panel-583-0-0-1\" class=\"so-panel widget widget_sow-editor panel-last-child\" data-index=\"1\" ><div\n\t\t\t\n\t\t\tclass=\"so-widget-sow-editor so-widget-sow-editor-base\"\n\t\t\t\n\t\t>\n<div class=\"siteorigin-widget-tinymce textwidget\">\n\t<p>Nabila EL KHETTABI \u2013 Entreprise individuelle de commerce inscrite sous le r\u00e9gime du micro-entrepreneur<br \/>\nSi\u00e8ge social: 187 rue Thiers 17300 Rochefort<br \/>\nImmatricul\u00e9e au RCS sous le num\u00e9ro 819 617 697<br \/>\nSIRET 819 617 697 00035<br \/>\nCode APE: 4791A<br \/>\nsite: www.revoila.fr<br \/>\ne-mail: contact@revoila.fr<br \/>\nDirection de la publication: Nabila EL KHETTABI<br \/>\nConception graphique: Denis BERNARD site: www.tactil.org<br \/>\nHebergement: OVH<\/p>\n<p>Le site revoila.fr est propri\u00e9t\u00e9 de revoila.<br \/>\nTous les \u00e9l\u00e9ments contenus sur le site www.revoila.fr que ce soient le graphisme, les logos, images, textes, pictogrammes etc\u2026 sont la propri\u00e9t\u00e9 exclusive de revoila. Toute utilisation de ces contenus est soumise \u00e0 autorisation \u00e9crite.<\/p>\n<\/div>\n<\/div><\/div><\/div><\/div><\/div>","protected":false},"excerpt":{"rendered":"<p>Nabila EL KHETTABI \u2013 Entreprise individuelle de commerce inscrite sous le r\u00e9gime du micro-entrepreneur Si\u00e8ge social: 187 rue Thiers 17300 Rochefort Immatricul\u00e9e au RCS sous le num\u00e9ro 819 617 697 SIRET 819 617 697 00035 Code APE: 4791A site: www.revoila.fr e-mail: contact@revoila.fr Direction de la publication: Nabila EL KHETTABI Conception graphique: Denis BERNARD site: www.tactil.org &hellip;<\/p>\n","protected":false},"author":1,"featured_media":0,"parent":0,"menu_order":0,"comment_status":"closed","ping_status":"closed","template":"page-centradoRevoila.php","meta":{"footnotes":""},"class_list":["post-583","page","type-page","status-publish","hentry"],"_links":{"self":[{"href":"https:\/\/www.revoila.fr\/index.php\/wp-json\/wp\/v2\/pages\/583","targetHints":{"allow":["GET"]}}],"collection":[{"href":"https:\/\/www.revoila.fr\/index.php\/wp-json\/wp\/v2\/pages"}],"about":[{"href":"https:\/\/www.revoila.fr\/index.php\/wp-json\/wp\/v2\/types\/page"}],"author":[{"embeddable":true,"href":"https:\/\/www.revoila.fr\/index.php\/wp-json\/wp\/v2\/users\/1"}],"replies":[{"embeddable":true,"href":"https:\/\/www.revoila.fr\/index.php\/wp-json\/wp\/v2\/comments?post=583"}],"version-history":[{"count":6,"href":"https:\/\/www.revoila.fr\/index.php\/wp-json\/wp\/v2\/pages\/583\/revisions"}],"predecessor-version":[{"id":5610,"href":"https:\/\/www.revoila.fr\/index.php\/wp-json\/wp\/v2\/pages\/583\/revisions\/5610"}],"wp:attachment":[{"href":"https:\/\/www.revoila.fr\/index.php\/wp-json\/wp\/v2\/media?parent=583"}],"curies":[{"name":"wp","href":"https:\/\/api.w.org\/{rel}","templated":true}]}}